{"id":2047,"date":"2016-05-26T11:54:08","date_gmt":"2016-05-26T11:54:08","guid":{"rendered":"http:\/\/wp.magnium-themes.com\/thebuilt\/thebuilt-1\/?page_id=2047"},"modified":"2025-05-19T13:13:34","modified_gmt":"2025-05-19T11:13:34","slug":"about","status":"publish","type":"page","link":"https:\/\/www.ekl-batiment.com\/index.php\/about\/","title":{"rendered":"\u00c0 propos"},"content":{"rendered":"<section class=\"wpb-content-wrapper\"><p>[vc_row equal_height=\u00a0\u00bbyes\u00a0\u00bb css=\u00a0\u00bb.vc_custom_1464263823580{margin-bottom: 30px !important;}\u00a0\u00bb][vc_column width=\u00a0\u00bb1\/2&Prime;]<div class=\"mgt-header-block clearfix text-left text-black wpb_content_element  mgt-header-block-style-1 mgt-header-texttransform-header  vc_custom_1747403648092\"><h2 class=\"mgt-header-block-title\">Qui sommes-nous<\/h2><div class=\"mgt-header-line\"><\/div><\/div>[vc_column_text]<\/p>\n<p class=\"\" data-start=\"160\" data-end=\"499\"><strong data-start=\"160\" data-end=\"176\">EKL-B\u00e2timent<\/strong> est une entreprise sp\u00e9cialis\u00e9e dans les travaux de <strong data-start=\"228\" data-end=\"244\">construction<\/strong>, de <strong data-start=\"249\" data-end=\"267\">r\u00e9habilitation<\/strong> et d\u2019<strong data-start=\"273\" data-end=\"299\">entretien de b\u00e2timents<\/strong>. Fond\u00e9e sur des valeurs de rigueur, de qualit\u00e9 et de professionnalisme, nous mettons notre expertise au service de vos projets immobiliers, qu\u2019ils soient r\u00e9sidentiels, commerciaux ou institutionnels.<\/p>\n<p class=\"\" data-start=\"501\" data-end=\"797\">Forts d\u2019une \u00e9quipe comp\u00e9tente et passionn\u00e9e, nous accompagnons nos clients de la conception \u00e0 la r\u00e9alisation, en garantissant le respect des d\u00e9lais, des normes et de la s\u00e9curit\u00e9. Notre engagement : offrir des solutions durables, fonctionnelles et esth\u00e9tiques, parfaitement adapt\u00e9es \u00e0 vos besoins.<\/p>\n<p class=\"\" data-start=\"799\" data-end=\"977\">Que vous souhaitiez b\u00e2tir, r\u00e9nover ou simplement entretenir vos infrastructures, EKL-B\u00e2timent est votre partenaire de confiance pour des travaux r\u00e9alis\u00e9s avec soin et efficacit\u00e9.<\/p>\n<p>[\/vc_column_text][\/vc_column][vc_column width=\u00a0\u00bb1\/2&Prime;]<style scoped='scoped'>.mgt-promo-block-80547717583.mgt-promo-block.animated:hover .mgt-promo-block-content {background-color: rgba(0,0,0,0.5)!important;}<\/style><div class=\"mgt-promo-block animated white-text cover-image text-size-normal no-darken mgt-promo-block-80547717583 wpb_content_element\" data-style=\"background-image: url(https:\/\/www.ekl-batiment.com\/wp-content\/uploads\/2025\/05\/portrait-engineers-work-hours-job-site.jpg);background-repeat: no-repeat;width: 100%; height: 350px;\"><div class=\"mgt-promo-block-content mgt-hide-button\"><div class=\"mgt-promo-block-content-inside\"><div class=\"mgt-button-wrapper mgt-button-wrapper-align-center mgt-button-wrapper-display-newline mgt-button-top-margin-disable\"><a class=\"btn hvr-bounce-to-right mgt-button mgt-style-solid mgt-size-normal mgt-align-center mgt-display-newline mgt-text-size-normal mgt-button-icon-position-left mgt-text-transform-uppercase \" href=\"http:\/\/wp.magnium-themes.com\/thebuilt\/thebuilt-1\/our-services-modern\/\">Our Services<\/a><\/div><\/div><\/div><\/div>[\/vc_column][\/vc_row][vc_row full_width=\u00a0\u00bbstretch_row\u00a0\u00bb css=\u00a0\u00bb.vc_custom_1463480863149{background-color: #1c2126 !important;}\u00a0\u00bb][vc_column]<div class=\"mgt-cta-block clearfix white-text with-text no-side-paddings wpb_content_element\" data-style=\"background-color: ;\"><div class=\"mgt-button-wrapper mgt-button-wrapper-align-right mgt-button-wrapper-display-newline mgt-button-top-margin-disable\"><a class=\"btn hvr-bounce-to-right mgt-button mgt-style-solid mgt-size-normal mgt-align-right mgt-display-newline mgt-text-size-normal mgt-button-icon-position-left mgt-text-transform-uppercase \" href=\"https:\/\/www.ekl-batiment.com\/index.php\/get-a-quote\/\" target=\"_blank\">Demander un devis<\/a><\/div><h5 class=\"mgt-cta-block-header\">Nous sommes EKL<\/h5><div class=\"mgt-cta-block-content\">Nous aidons nos clients \u00e0 r\u00e9aliser des projets de construction de classe mondiale.<\/div><\/div>[\/vc_column][\/vc_row]<\/p>\n<\/section>","protected":false},"excerpt":{"rendered":"<p>[vc_row equal_height=\u00a0\u00bbyes\u00a0\u00bb css=\u00a0\u00bb.vc_custom_1464263823580{margin-bottom: 30px !important;}\u00a0\u00bb][vc_column width=\u00a0\u00bb1\/2&Prime;][vc_column_text] EKL-B\u00e2timent est une entreprise sp\u00e9cialis\u00e9e dans les travaux de construction, de r\u00e9habilitation et d\u2019entretien de b\u00e2timents. Fond\u00e9e sur des valeurs de rigueur, de qualit\u00e9&#8230;<\/p>\n","protected":false},"author":1,"featured_media":0,"parent":0,"menu_order":0,"comment_status":"closed","ping_status":"closed","template":"","meta":{"footnotes":""},"class_list":["post-2047","page","type-page","status-publish","hentry"],"_links":{"self":[{"href":"https:\/\/www.ekl-batiment.com\/index.php\/wp-json\/wp\/v2\/pages\/2047","targetHints":{"allow":["GET"]}}],"collection":[{"href":"https:\/\/www.ekl-batiment.com\/index.php\/wp-json\/wp\/v2\/pages"}],"about":[{"href":"https:\/\/www.ekl-batiment.com\/index.php\/wp-json\/wp\/v2\/types\/page"}],"author":[{"embeddable":true,"href":"https:\/\/www.ekl-batiment.com\/index.php\/wp-json\/wp\/v2\/users\/1"}],"replies":[{"embeddable":true,"href":"https:\/\/www.ekl-batiment.com\/index.php\/wp-json\/wp\/v2\/comments?post=2047"}],"version-history":[{"count":3,"href":"https:\/\/www.ekl-batiment.com\/index.php\/wp-json\/wp\/v2\/pages\/2047\/revisions"}],"predecessor-version":[{"id":3065,"href":"https:\/\/www.ekl-batiment.com\/index.php\/wp-json\/wp\/v2\/pages\/2047\/revisions\/3065"}],"wp:attachment":[{"href":"https:\/\/www.ekl-batiment.com\/index.php\/wp-json\/wp\/v2\/media?parent=2047"}],"curies":[{"name":"wp","href":"https:\/\/api.w.org\/{rel}","templated":true}]}}